 v = -1151 - -2384. List the prime factors of v.
3, 137
Suppose -3*u = 5*g - 16, 0*g - 4 = 2*u - 4*g. Suppose -b - 2*m = -51, 0 = -u*b + 3*m + 20 + 96. List the prime factors of b.
5, 11
Let f = 39 + 144. What are the prime factors of f?
3, 61
Let k(n) = -n**3 + 14*n**2 - 12*n - 11. Let p be k(13). Suppose 0 = 3*c + 3, 0 = p*y - 5*c - 27 - 160. Let g = y + -35. List the prime factors of g.
2, 7
Suppose 6 = 2*s - 8. Let h be (-133)/(-9) + (-4)/(-18). Let q = h - s. What are the prime factors of q?
2
Let r = -19 - -23. Suppose 2*x = -r*x + 294. List the prime factors of x.
7
What are the prime factors of 0/(-2) - 1 - 7645/(-11)?
2, 347
Suppose 38*a = 5*x + 35*a - 8623, 2*a = -3*x + 5170. What are the prime factors of x?
2, 431
Suppose -6*c + 11*c = 900. Suppose n - c = -n. What are the prime factors of n?
2, 3, 5
Let m = 5 + -5. Suppose 8*l - 4*l - 768 = m. List the prime factors of l.
2, 3
Let w(a) = 81*a**2 + 2*a - 2. Let d be w(1). Suppose -4*u - d = -7*u. Let s = 44 - u. List the prime factors of s.
17
Let g(x) = -x + 9. Let r be g(11). Let o(h) = 12*h**2 - 2*h - 2. List the prime factors of o(r).
2, 5
Let w(d) = -d**2 + 39*d - 5. Let l be w(13). Suppose 4*p - l = o, 3*p = -2*p - o + 405. What are the prime factors of p?
2, 41
Let a(g) = 6*g - 3. Let u be a(-3). Suppose -13*v + 186 = -10*v. Let k = v + u. What are the prime factors of k?
41
Suppose 3*d = 9, 160 = -3*w - 5*d + 697. What are the prime factors of w?
2, 3, 29
Let z = -34 + 34. Suppose z = 10*u - 9*u - 108. List the prime factors of u.
2, 3
Let h = -44 + -9. Let y = 94 + h. List the prime factors of y.
41
Let u = 492 + -23. List the prime factors of u.
7, 67
Let l(j) = -11*j - 38. Suppose 0*a = 3*a + 3*t + 39, -4*a - 52 = -3*t. List the prime factors of l(a).
3, 5, 7
Let r(s) = -753*s**3 + 2*s**2 - 6*s - 8. What are the prime factors of r(-1)?
3, 251
Suppose -3*i - 1 = 5*k - 0, 4*i + 4*k - 12 = 0. Let g = 160 - 58. Suppose -i*n + 6*n = -g. List the prime factors of n.
3, 17
Let z = 7991 - 4736. List the prime factors of z.
3, 5, 7, 31
Let h be (2 - 3)/((-2)/8). Let o = -123 - -195. Suppose h*p = p + o. List the prime factors of p.
2, 3
Let q(m) = -11*m + 58. Let z(j) = 20*j - 117. Let v(l) = -5*q(l) - 3*z(l). List the prime factors of v(-10).
3, 37
Let n(j) be the third derivative of j**5/30 + 23*j**4/24 - 13*j**3/6 + 18*j**2. List the prime factors of n(-17).
2, 3, 29
Suppose 4*s = -i + 6*i - 56, 16 = -4*s. Suppose 0 = 3*o - 119 + i. What are the prime factors of o?
37
Suppose -3*k + 45 = -0*k. Suppose 3*z - 24 = r, k = 4*r + r. Let h = z + -5. What are the prime factors of h?
2
Suppose -2*q - 3*h = -3, 0*q = q + 4*h + 11. Suppose -p = q - 5. List the prime factors of ((-18)/p)/((-6)/(-104)).
2, 3, 13
Suppose 54 = 7*o - 5*o. Let k = o + 6. What are the prime factors of k?
3, 11
Let b(j) = 5*j**2 - 25*j + 18. List the prime factors of b(14).
2, 3
Let t(h) be the second derivative of -h**4/12 + 5*h**3/6 - h**2 - 3*h. Let i be t(3). Let b = i - -1. What are the prime factors of b?
5
Let i(y) = -y**3 + 10*y**2 - 10*y + 13. Let f be i(9). Suppose f*k - 153 = 75. What are the prime factors of k?
3, 19
Suppose g + 36 = 33. List the prime factors of -229*(0 + (g - -2)).
229
Let s = 4450 + -227. List the prime factors of s.
41, 103
Let x be 1/(-2) + (-565)/(-2). Suppose 3*a = -3*a + x. List the prime factors of a.
47
Let f(q) = q**3 + 18*q**2 + 2. Let g be f(-18). Suppose -g*w = 5*w - 56. List the prime factors of w.
2
Suppose 23*t - 22*t = 0. Let w be t/(-1*(-3)/(-3)). Let o = 12 - w. What are the prime factors of o?
2, 3
Let r = -13 + 17. Suppose 0 = -4*o - 3*x + 316 + 174, r*o + 4*x - 492 = 0. List the prime factors of o.
11
Suppose q - 7 = 2. Let w be (-58)/(-18) + (-2)/q. Suppose 0 = -w*d + 4*v + 18, 4*d - 3*v - 30 = -d. What are the prime factors of d?
2, 3
Let s(m) = 3*m + 52. Suppose 2*q - w + 2 = 6, q - 3*w - 12 = 0. What are the prime factors of s(q)?
2, 13
Let m be (-1)/((-2)/(-6) - (-70)/(-120)). Suppose m*v - 43 - 9 = 0. What are the prime factors of v?
13
Let p(r) = 7*r**2 - 11*r - 23. What are the prime factors of p(-2)?
3
Let d(x) = 5 - 12*x**2 - 8*x**2 + 2*x**2 + x**3 + 7*x + 2*x**2. List the prime factors of d(16).
3, 13
Let y be 11/(-11)*(15*-4)/(-3). List the prime factors of (-4)/(-60)*-3 + (-1484)/y.
2, 37
Let i(m) = -9*m - 10. Let w(s) = s**3 + 17*s**2 + 19*s + 38. Let x be w(-16). List the prime factors of i(x).
2, 5
Suppose -16*b + 15044 = 1668. What are the prime factors of b?
2, 11, 19
Let h be 29 - (8 + (-4 - -1)). Let g = 160 + h. What are the prime factors of g?
2, 23
Let i = -20 + 136. Suppose 0 = 2*w + 2*w - i. List the prime factors of w.
29
Let w be 2/4 - 5/10. Suppose 4*t - 3*t + 6 = w. Let a = 32 - t. List the prime factors of a.
2, 19
Let y(o) = 3*o**3 + o**2 + 23*o - 106. What are the prime factors of y(10)?
2, 13, 31
Let n(b) = -b**2 - 3*b + 2. Let j be n(-3). Suppose 0 = -j*w - 0*w - 5*a + 82, 0 = 3*w - 3*a - 81. List the prime factors of w.
31
Suppose 3*l + 445 = 5*y, -3*l + 4*l - y + 149 = 0. Let v = l + 236. List the prime factors of v.
2, 43
Let n be 39/21 + -2 + (-78)/(-7). Suppose n*y - 12*y = -34. What are the prime factors of y?
2, 17
What are the prime factors of (-9)/6 - 322*(-12)/16?
2, 3, 5
Suppose -2*s = 10 + 30. Suppose j = 3*o - 3*j - 135, 3*o = 3*j + 132. Let n = s + o. What are the prime factors of n?
3, 7
Let a = -6 + 24. Let q = 28 + -31. List the prime factors of (a + -4)*q/(-2).
3, 7
Let m = -1166 - -1745. What are the prime factors of m?
3, 193
Let x = 100 + -41. Let n = x - -89. What are the prime factors of n?
2, 37
Let m(f) = 73*f**2 - 16*f - 57. What are the prime factors of m(-6)?
3, 7, 127
Let k be 9/(-36)*(1 - 1). Suppose 9*j - 256 - 329 = k. List the prime factors of j.
5, 13
Let u = -1891 - -2207. List the prime factors of u.
2, 79
Let b = 1231 + 1164. What are the prime factors of b?
5, 479
Suppose k = 173 + 1497. List the prime factors of k.
2, 5, 167
Suppose i - 3*a = -27, 6*i + 23 = 5*i + 2*a. List the prime factors of (-864)/(-5) + 5 + 87/i.
2, 43
Suppose 3*j = 3*z - 1865 - 1930, 3*j = -5*z + 6341. List the prime factors of z.
7, 181
Let r(p) be the second derivative of 3*p**3/2 - p**2 - 23*p. List the prime factors of r(10).
2, 11
Let b(m) = 7*m - 2. Let q be b(5). Suppose 15 - q = 3*g. Let o = 0 - g. What are the prime factors of o?
2, 3
Let o(w) = -115*w + 1. Let j be o(-1). Let v(x) = -x**3 + 9*x**2 - 13*x - 2. Let a be v(7). Suppose -a*b + j = -b. What are the prime factors of b?
29
Let y(q) = -q - 2. Let z be y(-4). Let c be 612/17*z/6. Let t = -6 + c. What are the prime factors of t?
2, 3
Let f(y) = -y**3 - 31*y**2 - 23*y + 96. List the prime factors of f(-31).
809
Suppose -5*u - 103 = 2*a, 2*a - 5*u + 74 = -59. Let r = a - -71. What are the prime factors of r?
2, 3
Let f = 4786 + -2513. List the prime factors of f.
2273
Suppose -18520 = 539*l - 547*l. List the prime factors of l.
5, 463
Let a be (4*(-3)/18)/(3/(-531)). Let t = -84 + a. What are the prime factors of t?
2, 17
What are the prime factors of 1 - (-12)/(-18) - 429/(-9)?
2, 3
Let a(t) be the third derivative of 31*t**5/30 + t**4/24 - t**3/3 - 7*t**2. List the prime factors of a(1).
61
Suppose -k - 3*w + 182 + 100 = 0, -w = -3*k + 866. Suppose -217 = 2*s - 5*s - j, 4*s + 2*j - k = 0. List the prime factors of s.
73
Let y(d) = d**3 + 2*d**2 - 5*d + 4. Let r(i) = 2*i**2 + i**3 + 3 - 8 + 9 - 4*i. Let n(q) = -5*r(q) + 4*y(q). List the prime factors of n(-3).
5
Let y be (-8)/(-1 - -3) + 7. Let f(z) = -5*z - 6 - 7*z + y*z**2 + 7*z. List the prime factors of f(4).
2, 11
Let i be (-45)/(-20) + (-1)/4. Let k be i/(((-18)/(-15))/(-3)). List the prime factors of 1/(((-15)/9)/k).
3
Suppose -12 = 2*f - 0. Let d = 72 - 45. Let o = d + f. List the prime factors of o.
3, 7
Let r(u) = 4*u + 2. Let o = 4 - -2. Let j be r(o). Let z = 62 - j. List the prime factors of z.
2, 3
Let b(y) = -2*y**2 + y + 3. Let h be b(-2). Let c be (h/21)/(1/(-18)). List the prime factors of 87/c*(-10)/(-5).
29
Let w = 514 - -75. List the prime factors of w.
19, 31
Let o be 26*(4 + 18/(-4)). Suppose -2*h = -3*a - 33, 2*a + 0 = 2*h - 34. Let m = h + o. What are the prime factors of m?
5
Suppose -4*m = m + 20, b + 5*m + 44 = 0. Let x be ((-8)/b)/(1/3). Let w = x + 9. List the prime f